e prime factors of 6604975761?
3, 2201658587
What are the prime factors of 1543832787?
3, 7, 73515847
List the prime factors of 83662469.
11, 7605679
What are the prime factors of 318111940?
2, 5, 37, 429881
List the prime factors of 1593026771.
7, 227575253
List the prime factors of 808794568.
2, 43, 2351147
List the prime factors of 14421645.
3, 5, 7, 5087
What are the prime factors of 25444492?
2, 179, 35537
List the prime factors of 39396709.
11, 19, 251, 751
List the prime factors of 126056817.
3, 37, 42061
What are the prime factors of 1796909802?
2, 3, 523, 572629
What are the prime factors of 63790719?
3, 521, 40813
What are the prime factors of 1065310507?
47, 2063, 10987
List the prime factors of 66357920.
2, 5, 414737
What are the prime factors of 515624407?
515624407
List the prime factors of 25058873.
7, 557, 6427
List the prime factors of 714621309.
3, 73, 271, 12041
What are the prime factors of 17021165?
5, 7, 17, 28607
What are the prime factors of 2879471391?
3, 959823797
List the prime factors of 100391291.
7, 11, 13, 100291
List the prime factors of 440302123.
1493, 294911
What are the prime factors of 46746487?
46746487
What are the prime factors of 179576249?
23, 173, 45131
List the prime factors of 401397127.
23, 37, 471677
What are the prime factors of 1226317388?
2, 337, 909731
What are the prime factors of 43517716?
2, 11, 227, 4357
List the prime factors of 6210410075.
5, 248416403
What are the prime factors of 536351479?
17, 313, 100799
What are the prime factors of 134841411?
3, 353, 42443
What are the prime factors of 905697453?
3, 19, 197, 80657
What are the prime factors of 42143770?
2, 5, 4214377
List the prime factors of 78699794.
2, 29, 311, 4363
What are the prime factors of 355764632?
2, 44470579
What are the prime factors of 334338244?
2, 43, 1943827
List the prime factors of 200424.
2, 3, 7, 1193
List the prime factors of 521996724.
2, 3, 31, 51971
List the prime factors of 96165103.
59, 1013, 1609
List the prime factors of 231437808.
2, 3, 7, 229601
What are the prime factors of 37545265?
5, 17, 487, 907
List the prime factors of 5743176535.
5, 43, 61, 437909
List the prime factors of 617221615.
5, 83, 173, 8597
List the prime factors of 219217804.
2, 13, 59, 71453
What are the prime factors of 23803656?
2, 3, 19, 52201
List the prime factors of 3109352099.
7, 15973, 27809
What are the prime factors of 256511721?
3, 757, 112951
List the prime factors of 2194975462.
2, 241, 4553891
What are the prime factors of 243785588?
2, 631, 96587
List the prime factors of 173739015.
3, 5, 3860867
List the prime factors of 596739593.
17, 19, 71, 26021
List the prime factors of 15117040.
2, 5, 233, 811
List the prime factors of 92211297.
3, 1087, 28277
List the prime factors of 566338617.
3, 13, 41, 118061
List the prime factors of 336430833.
3, 17, 619, 10657
List the prime factors of 51881901.
3, 71, 243577
List the prime factors of 50838511.
3307, 15373
What are the prime factors of 90924968?
2, 1039, 10939
What are the prime factors of 1375588184?
2, 17, 10114619
List the prime factors of 813059085.
3, 5, 17, 23, 138629
What are the prime factors of 3366664457?
13, 97, 2669837
List the prime factors of 1412410105.
5, 23, 12281827
List the prime factors of 82784450.
2, 5, 7, 236527
What are the prime factors of 318596429?
3469, 91841
List the prime factors of 11107695.
3, 5, 740513
What are the prime factors of 173146236?
2, 3, 37, 271, 1439
What are the prime factors of 1244045502?
2, 3, 7, 1721, 5737
List the prime factors of 19769381.
19769381
List the prime factors of 63913793.
41, 1558873
List the prime factors of 119574653.
11, 10870423
What are the prime factors of 105119219?
43, 937, 2609
List the prime factors of 24791217.
3, 11, 23, 89, 367
What are the prime factors of 499169436?
2, 3, 17, 127, 19267
What are the prime factors of 410939351?
17, 41, 589583
List the prime factors of 4322883781.
19, 107, 359, 5923
What are the prime factors of 474791658?
2, 3, 11, 59453
List the prime factors of 406973020.
2, 5, 2687, 7573
List the prime factors of 401066870.
2, 5, 23, 97, 17977
What are the prime factors of 71001677?
71001677
What are the prime factors of 102351376?
2, 6396961
List the prime factors of 72815139.
3, 41, 65777
What are the prime factors of 22698112?
2, 383, 463
What are the prime factors of 1979345813?
107, 18498559
List the prime factors of 7631806329.
3, 7, 463, 261641
What are the prime factors of 2413661325?
3, 5, 79, 407369
What are the prime factors of 324316670?
2, 5, 229, 141623
What are the prime factors of 2307613926?
2, 3, 29, 13262149
List the prime factors of 987339862.
2, 53, 9314527
What are the prime factors of 281039708?
2, 53, 1325659
List the prime factors of 512515224.
2, 3, 13, 547559
What are the prime factors of 712313027?
19501, 36527
List the prime factors of 485699205.
3, 5, 2549, 12703
What are the prime factors of 80639979?
3, 7, 3839999
List the prime factors of 310203248.
2, 19387703
List the prime factors of 29810957.
11, 2710087
What are the prime factors of 656619419?
349, 1881431
List the prime factors of 139881723.
3, 61, 764381
List the prime factors of 4116669407.
41149, 100043
What are the prime factors of 36040273?
331, 108883
What are the prime factors of 37322655?
3, 5, 1021, 2437
List the prime factors of 43000269.
3, 13, 1102571
List the prime factors of 33656223.
3, 467, 24023
List the prime factors of 591910856.
2, 47, 1574231
What are the prime factors of 1124110193?
17, 971, 68099
List the prime factors of 21500882.
2, 13, 826957
What are the prime factors of 43276545?
3, 5, 13, 24659
What are the prime factors of 2077205801?
11, 188836891
What are the prime factors of 1302630320?
2, 5, 59, 275981
What are the prime factors of 19893936?
2, 3, 414457
What are the prime factors of 4847624352?
2, 3, 2161, 7789
What are the prime factors of 1915163?
1915163
What are the prime factors of 430726385?
5, 1583, 54419
What are the prime factors of 2816342040?
2, 3, 5, 2381, 9857
List the prime factors of 35149617.
3, 3905513
List the prime factors of 20579160.
2, 3, 5, 7, 24499
What are the prime factors of 1051830771?
3, 277, 1265741
What are the prime factors of 11147108?
2, 7, 56873
List the prime factors of 20366537.
19, 56417
What are the prime factors of 169045714?
2, 1193, 70849
List the prime factors of 92557824.
2, 3, 60259
List the prime factors of 317401376.
2, 107, 92699
List the prime factors of 1443923177.
31, 46578167
What are the prime factors of 70707869?
31, 2280899
What are the prime factors of 280457521?
29, 37, 9013
List the prime factors of 183558964.
2, 45889741
What are the prime factors of 240756519?
3, 743, 108011
What are the prime factors of 4430646116?
2, 13, 1471, 57923
What are the prime factors of 3106656960?
2, 3, 5, 11, 109, 2699
What are the prime factors of 75904809?
3, 25301603
What are the prime factors of 3942159502?
2, 127, 1103, 14071
List the prime factors of 1511543793.
3, 83, 6070457
What are the prime factors of 7661032808?
2, 11, 13, 6696707
List the prime factors of 4556879.
73, 62423
List the prime factors of 127561714.
2, 7, 31, 251, 1171
What are the prime factors of 255201639?
3, 7, 11, 1104769
What are the prime factors of 629281676?
2, 5669, 27751
List the prime factors of 8521788.
2, 3, 11, 5869
What are the prime factors of 99545129?
43, 2315003
What are the prime factors of 8555408?
2, 199, 2687
What are the prime factors of 82462299?
3, 19, 47, 30781
What are the prime factors of 129117628?
2, 29, 1113083
List the prime factors of 918337454.
2, 459168727
What are the prime factors of 137554359?
3, 45851453
What are the prime factors of 300292355?
5, 11, 137, 3623
List the prime factors of 240395353.
11, 19, 1150217
What are the prime factors of 115384443?
3, 71, 541711
List the prime factors of 50238376.
2, 6279797
List the prime factors of 89219204.
2, 499, 44699
What are the prime factors of 129433029?
3, 11, 23, 31, 5501
What are the prime factors of 1339986886?
2, 7, 17, 359, 15683
What are the prime factors of 444221703?
3, 61, 809147
What are the prime factors of 6145761564?
2, 3, 103, 599, 2767
List the prime factors of 1057695710.
2, 5, 23, 4598677
List the prime factors of 252915129.
3